0074?
7
What is the millions digit of 5739256?
5
What is the millions digit of 23284547?
3
What is the tens digit of 37448?
4
What is the tens digit of 1418945?
4
What is the hundreds digit of 6074638?
6
What is the hundred thousands digit of 356683?
3
What is the thousands digit of 4853569?
3
What is the ten thousands digit of 134441?
3
What is the tens digit of 363808?
0
What is the thousands digit of 1168427?
8
What is the tens digit of 207486?
8
What is the thousands digit of 1872?
1
What is the hundreds digit of 899468?
4
What is the millions digit of 1696950?
1
What is the millions digit of 1010462?
1
What is the hundreds digit of 123348?
3
What is the units digit of 241379?
9
What is the units digit of 16516098?
8
What is the thousands digit of 5892251?
2
What is the hundred thousands digit of 19884957?
8
What is the ten thousands digit of 1526644?
2
What is the units digit of 2736342?
2
What is the hundred thousands digit of 468945?
4
What is the units digit of 2388066?
6
What is the units digit of 186059?
9
What is the units digit of 861195?
5
What is the ten thousands digit of 2937092?
3
What is the ten millions digit of 33559311?
3
What is the hundred thousands digit of 231207?
2
What is the tens digit of 5138492?
9
What is the units digit of 2332279?
9
What is the hundreds digit of 4706145?
1
What is the hundred thousands digit of 152834?
1
What is the millions digit of 1655353?
1
What is the thousands digit of 19238830?
8
What is the ten thousands digit of 937543?
3
What is the millions digit of 2406361?
2
What is the tens digit of 126797?
9
What is the tens digit of 21969099?
9
What is the hundred thousands digit of 2218526?
2
What is the ten thousands digit of 12058896?
5
What is the thousands digit of 391659?
1
What is the ten thousands digit of 4976310?
7
What is the ten thousands digit of 16480?
1
What is the hundred thousands digit of 348124?
3
What is the thousands digit of 1252632?
2
What is the hundred thousands digit of 10498773?
4
What is the hundreds digit of 10923349?
3
What is the units digit of 60225?
5
What is the ten thousands digit of 767977?
6
What is the hundreds digit of 1098144?
1
What is the hundred thousands digit of 10773824?
7
What is the units digit of 2483700?
0
What is the tens digit of 255631?
3
What is the tens digit of 1201040?
4
What is the units digit of 20161?
1
What is the hundred thousands digit of 119593?
1
What is the thousands digit of 2039071?
9
What is the hundreds digit of 1124664?
6
What is the tens digit of 3841579?
7
What is the thousands digit of 3969843?
9
What is the hundred thousands digit of 409940?
4
What is the tens digit of 115412?
1
What is the units digit of 763975?
5
What is the hundred thousands digit of 4292035?
2
What is the tens digit of 2673585?
8
What is the hundreds digit of 137028?
0
What is the ten thousands digit of 1351482?
5
What is the thousands digit of 37868?
7
What is the tens digit of 2472807?
0
What is the ten thousands digit of 427073?
2
What is the hundreds digit of 15138?
1
What is the hundred thousands digit of 1165345?
1
What is the hundreds digit of 902895?
8
What is the ten thousands digit of 16564893?
6
What is the units digit of 1708122?
2
What is the units digit of 9127106?
6
What is the hundreds digit of 362013?
0
What is the hundreds digit of 126252?
2
What is the ten thousands digit of 74684?
7
What is the thousands digit of 2126458?
6
What is the tens digit of 23197630?
3
What is the ten thousands digit of 17407?
1
What is the hundred thousands digit of 249559?
2
What is the millions digit of 15755395?
5
What is the ten thousands digit of 349902?
4
What is the tens digit of 4365495?
9
What is the units digit of 284291?
1
What is the units digit of 256115?
5
What is the thousands digit of 20297787?
7
What is the ten thousands digit of 1285306?
8
What is the tens digit of 38569?
6
What is the hundreds digit of 133988?
9
What is the ten thousands digit of 120970?
2
What is the thousands digit of 1268429?
8
What is the thousands digit of 218854?
8
What is the hundred thousands digit of 1579146?
5
What is the ten thousands digit of 251936?
5
What is the ten thousands digit of 39084?
3
What is the hundred thousands digit of 1831905?
8
What is the hundred thousands digit of 407812?
4
What is the tens digit of 7259079?
7
What is the millions digit of 14917649?
4
What is the hundred thousands digit of 10188735?
1
What is the ten thousands digit of 852780?
5
What is the hundreds digit of 271606?
6
What is the tens digit of 773975?
7
What is the tens digit of 7306949?
4
What is the units digit of 5653235?
5
What is the hundreds digit of 667277?
2
What is the millions digit of 6751394?
6
What is the ten thousands digit of 4036221?
3
What is the tens digit of 159131?
3
What is the tens digit of 765635?
3
What is the ten thousands digit of 7821562?
2
What is the ten thousands digit of 11510902?
1
What is the ten thousands digit of 1494088?
9
What is the tens digit of 8754688?
8
What is the thousands digit of 720560?
0
What is the hundreds digit of 339652?
6
What is the tens digit of 458674?
7
What is the units digit of 2989?
9
What is the hundreds digit of 141692?
6
What is the hundred thousands digit of 20795143?
7
What is the tens digit of 2816143?
4
What is the units digit of 180291?
1
What is the tens digit of 3491417?
1
What is the thousands digit of 506503?
6
What is the units digit of 4295396?
6
What is the hundreds digit of 60758?
7
What is the tens digit of 5534468?
6
What is the units digit of 3436357?
7
What is the hundred thousands digit of 258098?
2
What is the hundred thousands digit of 19131566?
1
What is the tens digit of 1078768?
6
What is the hundred thousands digit of 202705?
2
What is the hundred thousands digit of 625280?
6
What is the units digit of 808314?
4
What is the tens digit of 235073?
7
What is the units digit of 2407395?
5
What is the ten thousands digit of 591661?
9
What is the hundred thousands digit of 735891?
7
What is the hundred thousands digit of 12019215?
0
What is the ten thousands digit of 18893264?
9
What is the hundred thousands digit of 1431555?
4
What is the units digit of 7969219?
9
What is the hundred thousands digit of 16413619?
4
What is the hundreds digit of 30750?
7
What is the ten thousands digit of 16847?
1
What is the ten thousands digit of 2991234?
9
What is the thousands digit of 3425887?
5
What is the ten thousands digit of 1004672?
0
What is the thousands digit of 7130484?
0
What is the millions digit of 1474066?
1
What is the ten thousands digit of 1112049?
1
What is the ten thousands digit of 369552?
6
What is the units digit of 37325?
5
What is the millions digit of 13909547?
3
What is the units digit of 4951088?
8
What is the hundreds digit of 2466293?
2
What is the hundred thousands digit of 218290?
2
What is the tens digit of 19408137?
3
What is the ten millions digit of 16216162?
1
What is the tens digit of 38556?
5
What is the tens digit of 108322?
2
What is the units digit of 21132271?
1
What is the hundreds digit of 1311174?
1
What is the ten thousands digit of 2804835?
0
What is the hundreds digit of 8439597?
5
What is the tens digit of 443381?
8
What is the units digit of 290712?
2
What is the hundreds digit of 1526055?
0
What is the units digit of 2743913?
3
What is the hundred thousands digit of 11749022?
7
What is the tens digit of 5620900?
0
What is the tens digit of 79327?
2
What is the thousands digit of 1513926?
3
What is the tens digit of 415920?
2
What is the thousands digit of 191230?
1
What is the units digit of 660219?
9
What is the units digit of 238771?
1
What is the hundreds digit of 92028?
0
What is the hundreds digit of 366473?
4
What is the thousands digit of 2080470?
0
What is the tens digit of 5948355?
5
What is the ten thousands digit of 60289?
6
What is the thousands digit of 2557291?
7
What is the units digit of 2984301?
1
What is the units digit of 25926795?
5
What is the hundred thousands digit of 541912?
5
What is the thousands digit of 3028751?
8
What is the thousands digit of 84409?
4
What is the thousands digit of 285364?
5
What is the ten millions digit of 14318164?
1
What is the ten thousands digit of 143665?
4
What is the units digit of 928050?
0
What 